prime factors of 3798/m - 1/3.
2, 5, 7
Let g(o) = 21*o**2 - 3*o - 1. Let c be g(-2). Suppose x = 2*x - c. List the prime factors of x.
89
Let l(z) = -2*z + 19. Let m be l(8). Suppose 3*o + 4*n = 8, 4*n = -o + n + 6. Suppose -m*i - u + 17 = o, u = -0*u - 1. List the prime factors of i.
2, 3
Let h(x) = 5*x**2 - 4*x - 6. Let z(f) = f**2 - 1. Let d(u) = h(u) - 6*z(u). Let j be d(-3). Let v(o) = o**3 - 3*o**2 + 3*o. What are the prime factors of v(j)?
3
Let t(m) = -4 - 11 + 29*m - 3 + 0*m**2 - m**2. What are the prime factors of t(20)?
2, 3
Suppose 44*i - 2412 = 1548. What are the prime factors of i?
2, 3, 5
Let d(x) = 2*x**2 + 35*x - 7. Let a(z) = z + 1. Let s(h) = 4*a(h) - d(h). List the prime factors of s(-15).
2, 13
List the prime factors of -4 + ((-12)/(-8) - (-3687)/6).
2, 3, 17
Suppose 206 = -8*q + 10*q - 2*w, -5*w - 197 = -2*q. What are the prime factors of q?
2, 53
Let z be (-180)/(-10) + -1 + -2. Suppose -5*i = -3*g - 25, 0 = -3*g - 0 - z. Suppose i*r - 79 = -r + 4*t, 3*r = t + 67. List the prime factors of r.
3, 7
List the prime factors of 100/70*2499/7.
2, 3, 5, 17
Suppose -4*w + 2*q = -3*q - 17, -4 = -2*w - 2*q. Suppose -w*y = 34 - 136. What are the prime factors of y?
2, 17
Let d = -18 - -88. List the prime factors of d.
2, 5, 7
Let t = 410 + 360. What are the prime factors of t?
2, 5, 7, 11
Let w = 3045 + -1833. List the prime factors of w.
2, 3, 101
Let n be 722/8 - 3/12. Suppose -2*q + q = 5*o - n, -2*q = 3*o - 152. Suppose 4*s - q - 54 = 0. What are the prime factors of s?
31
Let x = -1948 + 4816. What are the prime factors of x?
2, 3, 239
Suppose 0 - 1 = -n. Let r(s) = 68*s**3 + 2*s**2 - 3*s + 2. What are the prime factors of r(n)?
3, 23
Suppose -4*d = -5*r + 713 + 1383, -4*r + 4*d + 1676 = 0. Suppose 9*c - 7*c = r. Suppose 104 = 2*g + w, -g - w = 3*g - c. What are the prime factors of g?
53
Suppose -19 = z - 53. Suppose -99 - z = -o. List the prime factors of o.
7, 19
Let b(a) = 2*a**3 - 2*a**2 - a + 2. Let g be b(2). Let i = g - 10. List the prime factors of (i + -4)/(1/(-4)).
2, 3
Let y be (-18)/14 + 1 - (-30)/7. Suppose 0 = y*u - u + n - 10, u = n - 2. What are the prime factors of u?
2
Suppose 18*v - 9*v - 17037 = 0. List the prime factors of v.
3, 631
Let h(g) be the first derivative of -5/2*g**2 + 5*g - 4. What are the prime factors of h(-4)?
5
Let a be 0/(3 + -2 + 1). Suppose 4*j - x - 44 = a, -3*j - 3*x = -5*x - 38. List the prime factors of j.
2, 5
Let v = 9 - 8. Let l be (1 - 5) + v - -38. Suppose i = 6*i - l. List the prime factors of i.
7
Suppose -83969 - 33847 = -24*t. List the prime factors of t.
4909
Let s = -4066 + 5840. What are the prime factors of s?
2, 887
Suppose -8*l + 418 = 2*h - 10*l, 2*h + 5*l = 404. What are the prime factors of h?
3, 23
Suppose 0 = -12*c - 14*c + 63596. What are the prime factors of c?
2, 1223
What are the prime factors of (-5)/(-3)*(178 - 1)?
5, 59
Let y = 1194 + -424. List the prime factors of y.
2, 5, 7, 11
Suppose 2*y - 3970 = -s, s - 7*y + 4*y - 3970 = 0. List the prime factors of s.
2, 5, 397
Suppose 5*p - 21 = -1, 0 = -5*f + 5*p. Suppose f*g - 251 = -3. List the prime factors of g.
2, 31
Let x be 3/9 + 16/6. Let u(j) = 2*j**2 - 3*j - 3. Let c be u(x). Suppose 60 = -n + c*n. List the prime factors of n.
2, 3
Suppose 0 = -21*l + 16*l + 1930. What are the prime factors of l?
2, 193
Let w(h) = -228*h + 111. List the prime factors of w(-3).
3, 5, 53
Suppose -3*y + 4*s - 9 = 0, -2*y + 5*s - 11 = 2. List the prime factors of (-141)/(-2) + (-6)/(-12)*y.
71
Suppose -3*k = -6*k + 5*j + 695, -916 = -4*k + 4*j. Let y = k + -25. What are the prime factors of y?
2, 5
Let m(x) = -3*x - 28. List the prime factors of m(-17).
23
Suppose -4*j = 4*l - 2*l - 3254, -l + 3*j + 1622 = 0. List the prime factors of l.
5, 13
Suppose 5*b + 79 = -3*w, w = 5*b - 0*w + 87. Let l = 22 + b. Suppose -l*z = -3*h - 40, z + 3*h + 13 = 3. List the prime factors of z.
5
Let z = -257 - -437. List the prime factors of z.
2, 3, 5
Suppose 0 = 11*g + 25*g - 12456. What are the prime factors of g?
2, 173
Suppose 15*s - 546 - 744 = 0. List the prime factors of s.
2, 43
Suppose -2*y - 98 = -522. Suppose 4*s = 5*q + 166, -5*s + q + y = -3*q. List the prime factors of s.
2, 11
Let h(b) = -6*b - 26. Let u = -22 + 12. What are the prime factors of h(u)?
2, 17
Let o(a) = a**2 + a + 14. Suppose i + 9 = 3. What are the prime factors of o(i)?
2, 11
Suppose 29*d - 6103 - 33743 = 0. What are the prime factors of d?
2, 3, 229
Suppose -o = 5*l - 2858 - 369, 4*l + 4*o = 2588. List the prime factors of l.
3, 5, 43
Let j be 13*(-6 - -3)/3. Let s(z) = -z - 2. Let a be s(j). Suppose -a + 91 = 5*m. What are the prime factors of m?
2
Let o(t) = -t**2 - 5*t + 4. Let j(g) be the third derivative of -g**5/15 + g**4/12 - g**3/6 - 2*g**2. Let l be j(1). List the prime factors of o(l).
2, 5
Let w = 481 + -245. Suppose 16 = 4*f, 0*f = 4*r + f - w. List the prime factors of r.
2, 29
Suppose 0 = 2*r - 4. Suppose 2*q + 7*g = 4*g + 197, 3*g + 121 = q. Suppose 0 = r*j - q + 32. List the prime factors of j.
37
Let t = -806 - -2274. List the prime factors of t.
2, 367
Let c be ((-21)/14)/((-3)/4). Suppose 6*y - 20 = c*y. Suppose 5*n - s - 30 - 57 = 0, 3*n + y*s = 69. List the prime factors of n.
2, 3
Suppose 0 = 2*c, -3*h + 13*c = 9*c - 2811. What are the prime factors of h?
937
Let g = 10 - 7. Let y be 0/(-1)*1/g. Suppose y = -5*x - 5*n + 35, n - 15 = 6*n. List the prime factors of x.
2, 5
Suppose 84 = d + 3*d. Let q be (1 + (-4)/3)/((-8)/72). Suppose d = q*u + 12. What are the prime factors of u?
3
Suppose -311 + 21701 = 31*p. List the prime factors of p.
2, 3, 5, 23
Let b = -56 - -135. Let n = 12 + b. List the prime factors of n.
7, 13
Suppose -37 = -0*u + u + 5*w, 0 = u + 4*w + 42. Let b = -60 - u. List the prime factors of b.
2
Suppose 0 = -5*z - 4*z + 2223. What are the prime factors of z?
13, 19
Suppose 15*k = 12*k - 21. Let y(b) = -b + 2. What are the prime factors of y(k)?
3
Suppose -3771*c = -3764*c - 3542. List the prime factors of c.
2, 11, 23
Suppose 0 = -15*a + 23949 + 1011. What are the prime factors of a?
2, 13
Let u(d) = -4*d**3 - d**2 + 10*d + 19. Let g be 11/33*(-5 + 2) - 2. List the prime factors of u(g).
2, 11
Let s(h) = 3*h**2 - 17*h - 29. Let f(d) = -d**2 + 6*d + 10. Let i(j) = 17*f(j) + 6*s(j). List the prime factors of i(-11).
3, 13
Let m(w) = -w**3 + w + 10. Let h be m(0). Suppose -3*j - 1 = -h. Suppose -i + 6*i - 192 = -4*l, 0 = j*i + 4*l - 112. What are the prime factors of i?
2, 5
Suppose 12*u - 12 = 9*u. Let f(z) = 9*z**2 + 5*z + 4. What are the prime factors of f(u)?
2, 3, 7
Suppose 0 = 5*h - h + 592. Let f = h - -416. List the prime factors of f.
2, 67
Let i(d) = -26*d - 119. List the prime factors of i(-29).
5, 127
Suppose 72540 + 18810 = 25*h. List the prime factors of h.
2, 3, 7, 29
Suppose -15 = 4*p - 51. Let n(x) = -7 - 16*x + 11*x**2 - 2 + 3 - 6 + 16 - x**3. List the prime factors of n(p).
2, 11
Suppose 0 = 5*f - 3*f - 24. Suppose 3*k - f = k. Suppose -2*i + k = -10. What are the prime factors of i?
2
Suppose 12*l + 30305 = 41*l. List the prime factors of l.
5, 11, 19
Let s(p) = 128*p**3 + 2*p - 5. List the prime factors of s(2).
3, 11, 31
Suppose -5*b - 717 = -4*r - 54, 5*r - 3*b = 845. Let p = r - 101. What are the prime factors of p?
71
Suppose m = l - 2741, -147*l + 4*m - 8244 = -150*l. List the prime factors of l.
2, 7
Let a be (-2)/(-4)*(0 + 0). Let t be 26/39 + 2/(-6)*-34. Suppose 0 = -a*k + k - t. What are the prime factors of k?
2, 3
Let i(f) = f**2 - 6*f - 19. Let v be i(13). Suppose v = d - 133. Suppose -120 = -3*q - 0*q - 2*x, -5*x = 5*q - d. List the prime factors of q.
2, 19
Suppose -6*i + 25*i - 75525 = 0. List the prime factors of i.
3, 5, 53
Suppose 7 = c + 1. Let h(n) = 8 - n + 8 + c - 9. What are the prime factors of h(-9)?
2, 11
Let j(u) = -u**3 - 6*u**2 + 3*u + 4. Let w be j(-9). Suppose -5*l + 3*s + 210 = 0, 5*l - s - w = -0*s. Let c = 89 - l. List the prime factors of c.
2, 11
Let x be 3/(0 - ((-12)/(-8))/(-1)). Suppose 204 = 4*v + c, -3*v - 258 = -8*v - x*c. List the prime factors of v.
2, 5
Suppose 23 - 3 = 5*o. Suppose -5*b + 2*b + 471 = -3*p, 4*b + o*p = 644. List the prime factors of b.
3, 53
Let s = -226 + 3746. List the prime factors of s.
2, 5, 11
Let z = 268 - 116. Suppose 3*m - z = 